0
Let k(g) be the third derivative of -5*g**4/24 + g**3/2 + 13*g**2. What is the units digit of k(-11)?
8
Suppose -5148 = -31*y + 25*y. What is the tens digit of y?
5
Let u(m) = -5*m - 4 + 6*m + 3*m**2 + 0*m - 3*m. Let v be u(-4). Let n = -15 + v. What is the tens digit of n?
3
Let d be (2 + -1)*0/3. Suppose -i + 3*l - 7 = d, 0 = 2*i + 3*i + 5*l - 45. Suppose i*c - 124 - 26 = 0. What is the tens digit of c?
3
What is the hundreds digit of -1*(1599/1)/(-3)?
5
Let y(f) = 2*f + 4. Let k(t) = -3*t + 3. Let v be k(3). Let q(i) = 2*i + 4. Let b(h) = v*q(h) + 5*y(h). What is the tens digit of b(-11)?
1
Let a = 2723 - 1372. What is the hundreds digit of a?
3
What is the hundreds digit of (2/6)/((-23)/(-44229))?
6
Let j = 12 + -9. Suppose -142 = -j*o + 569. What is the units digit of o/9 - (-6)/9?
7
Let b(u) = -u + 2. Let n be b(-12). Suppose -3*a - n = 34. Let q(j) = -2*j + 9. What is the units digit of q(a)?
1
Suppose -2*v + 2*j = -2*j - 4760, 2359 = v + 5*j. What is the hundreds digit of v?
3
Let z(m) be the first derivative of -10*m**2 - 12*m - 27. What is the tens digit of z(-2)?
2
Let b(f) = -917*f**3 + 2*f + 1. What is the hundreds digit of b(-1)?
9
What is the hundreds digit of 3/7 + (-10208)/(-28)?
3
Suppose -2*k + 370 + 38 = 0. Let l = k - 142. What is the units digit of l?
2
What is the tens digit of ((-470)/(-6) - (-7)/(-21)) + -4?
7
Let a = -46 + 619. What is the tens digit of a?
7
Suppose -1215 = 21*g - 4659. What is the units digit of g?
4
Let h = -2039 - -3055. What is the thousands digit of h?
1
Suppose 3*x - 8253 = 3*q, 0 = x + q + 4*q - 2733. What is the tens digit of x?
4
Suppose 3*i + l = 3341 - 544, 2*i = -4*l + 1848. What is the units digit of i?
4
Let n = 25 - 21. Suppose -5 + 57 = n*v. What is the units digit of v?
3
Let c = -30 + 29. Let m(p) = -p. Let u(q) = -8*q**2 + q - 3. Let r(g) = c*u(g) - 2*m(g). What is the units digit of r(-2)?
3
Let g(t) = -5*t + 6. Let i(k) = 3*k - 6 + 3*k + 0. Let l(b) = -2*g(b) - 3*i(b). What is the units digit of l(-5)?
6
Suppose -5*y = 5*h - 15, -y - 2*y + 5 = h. Suppose -5*n = -4*n - 5*t, 2*n = -h*t. Suppose -2*u + 19 + 5 = n. What is the tens digit of u?
1
Let w(d) be the first derivative of -d**3/3 - 15*d**2/2 + 16*d - 10. What is the units digit of w(-8)?
2
Let y(g) = -3*g**3 + 9*g**2 + g + 4. Let d(x) = -12*x - x**3 - 6*x**3 + 19*x**2 + 8 + 15*x. Let z(m) = -4*d(m) + 9*y(m). What is the units digit of z(-4)?
2
Let i(k) = -13*k + 45. Let q(u) = 52*u - 180. Let p(j) = -9*i(j) - 2*q(j). What is the tens digit of p(10)?
8
Let i(r) = -r**2 - 13*r - 39 + 3*r**2 + 2*r - r**2. What is the tens digit of i(-8)?
1
Let k(z) = 14*z - 22. Suppose -3*y + 7*y = 16. What is the tens digit of k(y)?
3
Let c = 1080 - 270. What is the tens digit of c?
1
Let i(d) = -d**3 + 8*d**2 - 9*d + 14. Let p be i(5). Suppose -28 = -4*j + p. What is the units digit of j?
8
What is the hundreds digit of 10/(-2) + 6 - -163?
1
Suppose -60 = -2*r + 8. Suppose 0 = 2*v + 4*h - r - 34, -3*v = 5*h - 99. What is the units digit of v?
8
What is the tens digit of 630/(-6)*1/((-6)/2)?
3
Suppose -4*d - 1921 = -5*u, 5*u - d = -0*d + 1924. Suppose -8*i = -i - u. What is the units digit of i?
5
Let j = 151 + 357. What is the hundreds digit of j?
5
Suppose -a + 182 = -4*l, -2*l = -26*a + 25*a + 176. What is the units digit of a?
0
Let d = 2351 + -1636. What is the units digit of d?
5
Suppose 0*p = -5*p. Suppose -2*a + 5*c - 131 + 30 = p, -c + 229 = -4*a. What is the units digit of a/(-3) - 4/(-6)?
0
What is the hundreds digit of (-29)/319 + 13158/22?
5
Let k(l) = -3*l + 4. Let f(g) = g**2 - 12*g + 8. Let u be f(11). Let c(t) = -t**3 - 5*t**2 - 2*t + 4. Let x be c(u). What is the tens digit of k(x)?
2
Let o(g) = 6*g + 5 - 5*g**2 - 11 - 2*g + g**3. Let v be o(4). What is the units digit of v/30 - 93/(-15)?
6
Let t(m) be the first derivative of 22*m**2 - 17*m - 13. What is the units digit of t(4)?
9
Suppose 6*w - 7*w = 9. What is the units digit of (-6)/w + 1325/15?
9
Let h be (-2)/(-10) + (-4 - (-14833)/35). Suppose h = -13*l + 18*l. What is the tens digit of l?
8
Let a = 285 + 266. What is the units digit of a?
1
Let d be (-4 - -1)/(12/(-16)). Suppose 285 = 5*c + 2*h, -d*c - h = 2*h - 228. What is the tens digit of c?
5
Let p be (22/3)/((-12)/(-126)). Suppose 5*g = 812 - p. What is the tens digit of g?
4
What is the hundreds digit of 1/((-545)/(-272) - 2)?
2
Let c(l) = 4*l**2 + 29*l + 5. Let x(k) = -k**2 - 10*k - 2. Let m(w) = -2*c(w) - 7*x(w). What is the units digit of m(7)?
9
Suppose -5*s - 4*h = 0, -s + 2*h + 0*h = 0. Suppose 0 = -4*b - 5*l - s*l - 56, 3*b + 42 = 5*l. What is the tens digit of b/(-2) + -4 - -45?
4
Let f(i) = -i**2 + 4*i + 3. Suppose 0 = -3*j + j + 8. Let t be f(j). Suppose 0 = 2*s - t*s + 19. What is the tens digit of s?
1
Suppose -16771 = -32*r + r. What is the units digit of r?
1
Let y(d) = 3*d - 9. Let h be y(7). Suppose -4*a - h = -0. What is the units digit of 1/(-3) - 28/a?
9
Suppose 5*v - 13 = h, 5*v + h + 12 - 29 = 0. What is the hundreds digit of v + 86*3 + -12 + 9?
2
Let d = 3906 + -1162. What is the units digit of d?
4
Let z = 785 + -750. What is the tens digit of z?
3
Let p(g) = -22*g + 327. What is the units digit of p(-41)?
9
Suppose 27*j - 25*j - 862 = 0. Let z = j - 190. What is the tens digit of z?
4
Let k(p) = -4*p**3 + p**2 - p - 1. Let g be k(-1). Suppose 2*a = 3*a - g. Suppose 0 = -0*t - 3*t - x + 5, 3*x - 3 = -a*t. What is the units digit of t?
3
Let t = 196 + -149. What is the units digit of t?
7
Let s(w) = w**3 + 14*w**2 - 12*w - 14. Let r be s(-15). Let a be (-10)/15 - r/3. Suppose 2*d = a - 1. What is the units digit of d?
9
Suppose 2 = 4*j - d, -7 = 5*j + 5*d + 3. What is the tens digit of 312/16*(2 - j)?
3
Let v be 3/(2 + -5) + 19. Let u = -10 + v. Let d = 20 - u. What is the units digit of d?
2
Suppose -z - 643 = -4*p + 278, 2*p = -z + 465. Suppose -5*v + 2*n = -405, n - p = -3*v + 1. Suppose -v - 16 = -5*y. What is the units digit of y?
9
Let s(n) = -5*n**2 + 4*n**2 + 3*n + 0*n**2 - 9*n + 2. Let b be s(-5). Suppose b*a - 11*a + 16 = 0. What is the units digit of a?
4
Let f(x) = -3 + 4*x - 9*x - 7 + 0*x. Let c be f(-8). Let b = 26 + c. What is the tens digit of b?
5
Suppose 0 = -i + 5*o + 8, 0 = 5*i + o - 14 - 0. What is the units digit of 3 - 1/(i/(-3))?
4
Suppose 4*i - 13 = 23. Let c = 4 - i. What is the tens digit of c*76/(-10)*1?
3
Suppose 9117 = 4*d + 801. What is the thousands digit of d?
2
Suppose -119*j + 113*j + 708 = 0. What is the tens digit of j?
1
Let v(w) = -2*w - 8. Let g be v(-2). What is the tens digit of (2/g)/(0 - 4/1696)?
1
What is the units digit of -16*(4/14 + 80085/(-532))?
4
What is the units digit of 2*-1*18330/(-60)?
1
Suppose 3*v + 8*j - 2576 = 3*j, -5*j + 4290 = 5*v. What is the units digit of v?
7
Let r(m) = 2*m**3 - 2*m**2 + m + 2. Let b be (-12)/18 - (-31)/(-3). Let q = -9 - b. What is the tens digit of r(q)?
1
Let h(g) = -g. Let o be h(3). Let t be o - 1*(5 - 3). Let k = t - -28. What is the units digit of k?
3
Suppose 3 - 13 = 5*a, 0 = -y - 2*a + 278. What is the hundreds digit of y?
2
Let t = -75 + 212. Suppose -2*u + 5*b = -73, 3*u = 2*b - 0*b + t. What is the units digit of u?
9
Let i be (8 - 4) + 3/(9/(-6)). What is the tens digit of i - -193 - 1*2?
9
Suppose 0*g = 2*g + 3*f - 757, 5*g = -3*f + 1897. What is the hundreds digit of g?
3
Let w be -11 - -1*16/4. Let o = 3 + -20. Let p = w - o. What is the tens digit of p?
1
Let n(r) = -1015*r - 9. What is the thousands digit of n(-1)?
1
Let k be (-318)/(-66) - 1*6/(-33). Suppose 0 = 4*m + 3*h - 36, -m + k*h - 5 = 9. What is the units digit of m?
6
Suppose s = -5*x + 350, 2*x = 2*s - 7*s + 117. Let k = 54 + -20. Let g = x - k. What is the units digit of g?
7
Let l = 25 - 10. Suppose 0*h + l = 3*h. What is the units digit of h?
5
Suppose -3*r + 0*b = 5*b - 29, 2*r = 4*b - 10. Suppose -120 = -5*t + r*t. What is the tens digit of t?
6
Let w(y) = -115*y - 4. Let c be w(-3). Suppose -3*k - 11 = -c. Suppose -2*z = -3*a + 66, 0 = a - 6*a + z + k. What is the tens digit of a?
2
Suppose 7*u - 110 = 2*u. Suppose 10*i - 35 = 5*i. Let y = i + u. What is the tens digit of y?
2
Let x(w) = -w**2 - 2*w + 26. Let g be x(-15). Let h = -93 - g. What is the tens digit of h?
7
Let a be ((-15)/5)/((-6)/(-8)). Suppose -4*j + 18 